Suppose f = -5*b - 3*i, -3*b - 36 = -0*b + 2*i. Let a(w) = -w - 5. What is the units digit of a(b)?
5
Suppose -21*g = -23*g + 1242. Let a = 1217 - g. What is the hundreds digit of a?
5
Let p = 31 - 41. Let w = p - -3. Let a(h) = -14*h + 10. What is the hundreds digit of a(w)?
1
Let g(l) be the second derivative of -37*l**4/12 - l**3/3 - l**2/2 - 11*l. Let h be g(-1). Let p = 143 + h. What is the units digit of p?
7
Let a be -4 - -7 - (-7 + 5). Suppose -1665 + 542 = -2*r - 3*b, a*b = -5*r + 2800. What is the hundreds digit of r?
5
Suppose 2*n = 3*f - 133104, 106609 + 26513 = 3*f + n. What is the ten thousands digit of f?
4
Let i(m) = 2*m**2 - 3*m + 2. Let d be i(2). Suppose 8*n - 205 - 315 = 0. Let j = n - d. What is the units digit of j?
1
Suppose -4 - 13 = -5*d + 2*h, -3*h - 15 = -4*d. Suppose -6*f + d*f - 2*a + 1694 = 0, -2*f - 5*a + 1144 = 0. What is the hundreds digit of f?
5
Let b(l) = l**3 - l**2 - 6*l + 6. Let i be b(3). What is the hundreds digit of (899 + (-54)/i)*1?
8
Let v be 95*-5*(-6)/50. Suppose 6*w - 249 = v. What is the tens digit of w?
5
Let k(h) = 4*h**2 - 39*h - 874. What is the thousands digit of k(52)?
7
Suppose -4*r - 3*x + 20277 = 0, 3827 + 11365 = 3*r - 3*x. What is the units digit of r?
7
Let q(c) = c**3 - 8*c**2 + c - 4. Let r be q(8). Suppose -5*l + 1527 = 4*f, 336 + 585 = 3*l + r*f. What is the units digit of l?
3
Let q(f) = 4*f + 1. Let j be q(-1). Let o(g) = 1078*g + 176. Let r(i) = -37*i - 6. Let m(w) = 3*o(w) + 88*r(w). What is the tens digit of m(j)?
6
Let b be (0 - 2) + 3 - -19. Let r = b + -18. What is the tens digit of (0 + -6)*(44/(-8) + r)?
2
Let c be (2 - 2) + -21 + 33. What is the units digit of (-1242)/(-6) - c/(-3)?
1
Let a(o) = 19*o**2 + 7*o. Let f be a(-2). Suppose s = 3*h + 3*s + f, -3*h + 2*s = 46. What is the units digit of (-4)/h - ((-12)/(-54) - 3)?
3
Suppose 0 = -5*l + i - 30 - 33, -5*l - 69 = -3*i. What is the hundreds digit of (112/l - -5)*-87?
3
What is the units digit of (-4086159)/(-99) - (-8)/3?
7
Let s = 3850 + 321. What is the thousands digit of s?
4
What is the units digit of (((-11580)/21)/(-2) - -7) + 4/14?
3
Suppose 24 = -4*o + 40. Suppose 0 = o*v + 3*l - 0*l + 15, -5*v + 3*l + 15 = 0. What is the tens digit of 11/((-22)/260)*(-1 - v)?
3
Let m = -146301 - -210085. What is the units digit of m?
4
Suppose 4*d - 8 - 12 = -v, -5*d = v - 24. Suppose -5*s + 1655 = -d*f - 491, -5*f = -5. What is the hundreds digit of s?
4
What is the thousands digit of 26 + -8 + -5 - -7392?
7
Let i = -2 + 2. Let x(f) = -4*f + 1. Let h(o) = -o**2 - 11*o + 45. Let y(j) = 2*h(j) - 6*x(j). What is the units digit of y(i)?
4
Suppose 63*l - 57*l = -145*l + 1902298. What is the hundreds digit of l?
5
Let j be 5 + (-6)/(-4)*114. Let y = j - -44. What is the hundreds digit of y?
2
Suppose -1017083 = 186*q - 2025891 - 1816346. What is the ten thousands digit of q?
1
Let t(b) = -b**3 - 3*b**2 + 11*b + 21. Suppose 5*w + 5*s - 30 = 0, w - 3*s = 1 - 7. Suppose -m + 2*i = 6, w*i = 4*m + 37 - 13. What is the units digit of t(m)?
3
Let j(u) = u**3 + 8*u**2 - u - 7. Let t be j(-8). What is the units digit of t/(28/48 + (-3)/9)?
4
Let u(z) = 2412*z + 9952. What is the tens digit of u(10)?
7
Let k = 82166 + -57396. What is the hundreds digit of k?
7
What is the hundreds digit of -318*(3 - 1970/60) + (5 - -2)?
4
Let a(w) be the second derivative of -w**5/10 + w**4/4 + 28*w**3/3 - 17*w**2/2 + 6*w - 2. What is the hundreds digit of a(-7)?
4
Let k(f) be the first derivative of 1/4*f**4 - 24*f - 8 - 9/2*f**2 + 11/3*f**3. What is the units digit of k(-11)?
5
Suppose y + 12*g = 235, -28*y = -27*y + 3*g - 289. What is the hundreds digit of y?
3
Let m be (-5)/35 - (-380)/(-35). Let w be m/4*(-8 - -4). What is the hundreds digit of w/4 - 3 - 2451/(-12)?
2
Suppose 0 = 3*m - 63*d + 59*d - 120700, 2*d = 2*m - 80468. What is the hundreds digit of m?
2
Suppose -u = -2*d + 16, 2*u = -4*d + 6*u + 36. Suppose -13*y = d*y - 5560. What is the tens digit of y?
7
Let f be (-1 - (-22)/8)/(4/16). What is the units digit of 930 + (-98)/7 + f?
3
Suppose 3*y - 13627 = -349. What is the thousands digit of y?
4
Let m = -10 + -214. Let a = m - -2002. What is the thousands digit of a?
1
Suppose 16442 + 10051 + 62629 = 11*x. What is the units digit of x?
2
Suppose 93*g = 235*g - 276616. What is the tens digit of g?
4
What is the tens digit of -6 - (-6 - 15110/5)?
2
Suppose 5*b - 9*b + 8 = 0. Let s be (b + 0)*(-14)/(-8)*18. Let o = -55 + s. What is the units digit of o?
8
Let r(b) = b**3 + b**2 - 6*b - 4. Let j be r(-3). Let t = -45 + 48. What is the tens digit of 104 + t + j + 4?
0
Suppose -18*j + 15*j + 2*o = -41644, -5*j = -4*o - 69404. Suppose 3*m - j = -9*m. What is the tens digit of m?
5
Let g be 43/(-172) - (-13282)/8. Let o = g + -754. What is the units digit of o?
6
Let c be ((-60)/24)/((-2)/36). Let d(j) = -4*j**3 - j + 3*j**3 + c + 22 - 11. What is the tens digit of d(0)?
5
Suppose 110*m - 1353979 - 1957681 = 0. What is the units digit of m?
6
Let a = -4110 - -4106. Let k be (-3)/(-3) + 56/2. Let p = k - a. What is the units digit of p?
3
Suppose -3*z = -u + 674, 3*u - 5*z + 295 = 2301. What is the tens digit of u?
6
Suppose -5*k + k - 4 = 0. Let v be (-1 - 3) + k + 20/4. Suppose 5*n + s - 824 = v, -4*n + 5*s = -19 - 617. What is the hundreds digit of n?
1
Let g(h) = 1955*h**2 + 472*h + 4. What is the thousands digit of g(-4)?
9
Let f(t) = 22*t**2 + 17*t + 95. Let h be f(-15). Suppose -6*g + 6424 = -2*g + 4*v, 0 = 3*g - 4*v - h. What is the thousands digit of g?
1
Let o be (-3)/((-18)/4)*(-1391 + -1). What is the units digit of (-3)/(0 - -6)*o/8?
8
Suppose 3*f = 0, -28*v - 4*f = -31*v - 3. Let g(q) = 37*q - 51*q + 5 - 2 - 52*q. What is the units digit of g(v)?
9
Let w(y) = -17 - 7*y - 17 - 185*y**2 + 61 - 22. Let u be w(1). Let t = 467 + u. What is the tens digit of t?
8
Suppose 5*t - 2*t - 40445 = -2*t. What is the hundreds digit of t?
0
Let n(d) = -276 - 123*d - 375 + 505. What is the hundreds digit of n(-10)?
0
Let f(o) = 712*o**2 + o - 4. Suppose -5*w - 2*u = 5, -5*w = -2*w - u - 8. What is the hundreds digit of f(w)?
7
Let j = 26 - 120. Let a = j + 37. Let p = 196 + a. What is the units digit of p?
9
Let r be 2 + (-35)/7 + (0 - -4). What is the tens digit of (13 + (-296)/20)/(r/(-465))?
3
Let y = 162 - 256. Let d = y + 276. Let l = -64 + d. What is the units digit of l?
8
Suppose -106*y + 3393728 = 9*y - 4305752. What is the units digit of y?
2
Let p(r) be the first derivative of -2*r**2 + 9*r + 60. Suppose 4*q + 0*q = 4*m, -14 = -2*q - 5*m. What is the units digit of p(q)?
1
Let q be (-12)/8 + 19/(-2) + 3. Let t be (-44)/(-16) - 2/q. Suppose -2*y = -2*p - 7*y + 138, t*y = 0. What is the units digit of p?
9
Let k = -69 - -86. Let b = 7 + k. What is the tens digit of b?
2
Let a = 1 + 1. Suppose 20*z - 8*z = 0. Suppose 4*n + 4 = z, 613 = a*c + 3*c + 2*n. What is the units digit of c?
3
Suppose 3 = 4*w - 5*v, -4*v + 1 + 2 = -5*w. Let a be (2 + w/2)*(-24)/(-2). What is the hundreds digit of ((-4)/a)/(10/60) + 165?
1
Let v = 9351 - 7867. What is the tens digit of v?
8
Let v(p) = -p**2 + 6*p - 4. Let q be v(6). Let k(w) be the third derivative of -5*w**4/4 + 5*w**3/6 - 878*w**2 + 3*w - 2. What is the units digit of k(q)?
5
Let i = -67 + -475. Let t = -64 - i. What is the hundreds digit of t?
4
Let z(x) = 405*x**2 - 2 + 3*x**3 - 3 - 399*x**2 + 7*x - 1. What is the units digit of z(5)?
4
What is the hundreds digit of 59430/16 - (-222)/(-592)?
7
Let d(k) = 87*k**2 - 4*k + 16. Let s be d(-4). Suppose -m + 4 = 0, -s = -4*h - 5*m + 1812. What is the tens digit of h?
0
What is the units digit of (-36)/((-30)/(-5)) - (0 + (-4 - 3303))?
1
Let i(c) = -4 - 5 + 3 - 5 + 3*c. What is the units digit of i(30)?
9
Let c(y) = -y**2 + 858*y + 140. What is the thousands digit of c(62)?
9
Suppose -903 = -2*p + 9*p. Let y be p/(-27) - 8/(-36). Suppose -y*g + 6*g = 29. What is the units digit of g?
9
Let x(l) = 2*l**2 + 2*l - 3. Let s be x(2). What is the units digit of (25/s - 3) + (-7348)/(-18)?
8
Let z(f) = 56*f**2 - f - 2. Suppose x + 3*x = j + 7, -4*x = -5*j + 13. Let u be z(x). Suppose u + 1111 = 7*a. What is the tens digit of a?
3
Let b(j) = 73*j - 307. Let n be b(5). Suppose -4*k = -0*k - 2*g - 8, -3*g = k - 9. Suppose -139 = -5*o + 4*u, -o + k*o = u + n. Wh